vide m?
False
Suppose -22 = 4*d + 46. Let b = 23 + d. Is b a multiple of 3?
True
Let f = 101 + -99. Let a(p) = 27*p**3 + 3*p**2 - 6*p + 5. Is a(f) a multiple of 48?
False
Suppose -4*x = -5*g + 2101 + 4920, -3*g = 5*x - 4220. Is g a multiple of 5?
True
Suppose 4 = -f + 8. Is 9 a factor of (-7)/3*-21 - f?
True
Let c be 40/22 - 22/(-121). Does 17 divide -15 + 69 - c*2?
False
Let s be (-6)/(11/((-9185)/10)). Let u = -278 + s. Does 12 divide u?
False
Let b(o) = -4*o + 14. Let x(f) = -f**2 - 13*f - 4. Let j be x(-8). Suppose 0 = -i + 4*i + j. Is b(i) a multiple of 23?
False
Let y be (-4)/14 - (-166)/(-7). Let m(p) = p**2 - p + 29. Let s be m(0). Let k = s + y. Is k a multiple of 5?
True
Let d = -284 - -735. Is 11 a factor of d?
True
Does 14 divide (-3)/2*1/((-3)/130)?
False
Let y be -5 - (2 + -1)*-1. Is 4 a factor of y - (22/(-2) - 1)?
True
Suppose -4*q = -5*x - 360 - 626, 0 = -4*q - 5*x + 966. Does 30 divide q?
False
Suppose -2*b = -6*b + 28. Let m be b/14 + (-107)/(-2). Let o = -26 + m. Is o a multiple of 11?
False
Suppose i + 72 - 17 = 0. Let k(q) = -q**3 + 29*q**2 + 7*q - 102. Let o be k(29). Let l = i + o. Is 16 a factor of l?
False
Let v(m) = m**3 - 5*m**2 + 2*m - 41. Let s be v(6). Let w(j) = j**2 - 5*j - 10. Let n(g) = 3*g**2 - 15*g - 30. Let u(k) = 6*n(k) - 17*w(k). Does 3 divide u(s)?
False
Let x(t) = t - 15. Let u be x(17). Let d be (u/(-3))/(16/(-216)). Suppose 69 - d = 2*g. Does 6 divide g?
True
Let s = -9 - -8. Let b be 2/(-3 + 5 + s). Suppose -5*p = 5*m + 5, -5*m + b*m + 4*p = -32. Is m a multiple of 2?
True
Let k(x) = -2*x - 10. Let o be k(-7). Suppose 168 = o*a + 4*b, -4*a + 13 = -b - 160. Is a a multiple of 5?
False
Suppose -17*z - 4 = -16*z, -s = 3*z - 669. Is s a multiple of 10?
False
Let p be 1/((-1)/2) - (-24)/4. Suppose p*l - 3*b = 935, -4*l - 2*b = -0*b - 930. Is l a multiple of 20?
False
Let d(t) = 2*t**2 - 18*t + 20. Let f be d(7). Let a(l) = 2*l**2 - l. Let k be a(3). Is 129/k - f/20 a multiple of 9?
True
Let i(o) = o - 12. Let q be i(6). Let u(l) = -16*l + 18. Is u(q) a multiple of 19?
True
Let w(o) = 4*o**2 - 6. Let b be w(-2). Suppose -u = 3 - b. Suppose 4*k - 302 = g, -2*k - u*g + 4*g = -144. Is k a multiple of 33?
False
Suppose 2*c - 40 = 4*a, 2*c = -c + 2*a + 68. Suppose -112 = -5*v - 2*d + 4*d, 5*d - 44 = -v. Let g = v + c. Does 16 divide g?
True
Let a = -746 + 388. Let q = a - -512. Does 14 divide q?
True
Let m be (-1)/4 - 1274/(-8). Suppose 5*j - 5*h = -33 + 298, -3*h = 3*j - m. Let n = j + -9. Is 14 a factor of n?
False
Let y = -15 + 19. Suppose -y*l = 4*c + 16, -20 = -2*c + 7*c. Suppose -10 + 0 = -2*p - 3*a, l = 5*p + 5*a - 30. Is 4 a factor of p?
True
Suppose 3*d + 0*s + 12 = 3*s, -2*d + 8 = 2*s. Suppose -m + z + 26 = d, z + 52 = 2*m - 3*z. Does 5 divide m?
False
Suppose -4*f + 324 = -2*n + 92, 122 = 2*f + 2*n. Is f a multiple of 2?
False
Is 34 a factor of ((-7828)/14)/((-153)/1071)?
False
Is 12/8*(1 - 782/(-6)) a multiple of 33?
False
Let x(g) = -g - 2. Let f be x(-5). Suppose 0 = 5*a - 2*w - 675, 5*a - f*w - 358 - 317 = 0. Does 29 divide a?
False
Suppose -5*h + 0*h - 375 = -2*g, -5*g = h - 870. Let u = g + -123. Is u a multiple of 12?
False
Let d(o) = -o**2 + 2. Let m be d(2). Suppose 0 = -q - 3*w - 13, 35*q + 2*w = 34*q - 8. Does 5 divide (-3 - m)/(q/(-30))?
True
Suppose -9*b - 3*d = -4*b - 6913, -1383 = -b - d. Is b a multiple of 11?
False
Suppose -2*k - 1066 = 1194. Does 23 divide (-3)/(-4) - (-3 + k/8)?
False
Let q(l) be the second derivative of l**5/20 - 13*l**4/12 + 7*l**3/3 + 15*l**2/2 - 6*l. Is 5 a factor of q(12)?
False
Let x(g) = g**3 + 11*g**2 + 4*g + 15. Let q(m) = -2*m**3 - 22*m**2 - 9*m - 30. Let r(b) = 3*q(b) + 5*x(b). Is r(-11) a multiple of 8?
False
Let p(y) = y**3 + 26*y**2 - 7*y - 86. Is 6 a factor of p(-26)?
True
Is (-537)/((-21)/12 + 12 + -11) a multiple of 76?
False
Let r = 983 - 681. Is 9 a factor of r?
False
Let v(c) = c**2 - 7*c + 8. Let y be v(6). Suppose 0 = q - 0*q - 9. Suppose -y*w = -3*l + 44, l - 5*w = 2*l - q. Is l a multiple of 4?
False
Suppose 28*r - 16*r - 3852 = 0. Is 4 a factor of r?
False
Is (25 - 22)*(-4792)/(-12) a multiple of 7?
False
Let q(j) be the second derivative of 7*j**3/6 + j**2 - 2*j. Let h be q(-3). Is 17 a factor of -3 + ((-1)/(-1) - h)?
True
Suppose 5*x = 2*f - 1037, -5*x + 2540 = -0*f + 5*f. Suppose 4*q - 2*b + 149 = f, -5*b = -q + 68. Does 36 divide q?
False
Let q(t) = 13*t - 6. Let h(d) = -14*d - 11 + 35 - 17. Let b(j) = -4*h(j) - 5*q(j). Does 5 divide b(-2)?
True
Let t(a) = -a + 9. Let d be t(14). Let c = 78 - d. Does 12 divide c?
False
Let i(s) = s**3 + 10*s**2 + 8*s - 3. Let w be i(-9). Suppose 3*z = -w, -p + 0*z - 4*z = 3. Is p even?
False
Let d(t) = -153*t - 20. Let o be d(5). Is (-3)/(-9)*(0 + 4 - o) a multiple of 24?
False
Let q(g) = -1042*g - 10. Let c be q(-1). Is 22 a factor of (-3)/(c/207 - 5)?
False
Let u(b) = -7*b**3 - 13*b**2 + 7*b + 34. Is u(-6) a multiple of 74?
True
Let b(z) = z**3 - 18*z**2 - 18*z - 14. Let t be b(19). Suppose 3*r - 3*i = 261, 3*r + t*i - 302 = -57. Is r a multiple of 14?
False
Let m = 60 + -41. Suppose 0 = 2*i + r - 18, i - 2*i - 3*r + 19 = 0. Let g = i + m. Is 13 a factor of g?
True
Let x(j) = -j**3 - 15*j**2 + 9*j + 36. Is 10 a factor of x(-16)?
False
Let k(d) = -11 + 23*d + 13 - 73*d. Let b = -4 + 3. Is k(b) a multiple of 10?
False
Suppose 2 = -q - 0*q. Let f be ((-11)/22)/(1/q). Let m(p) = 13*p + 1. Is 7 a factor of m(f)?
True
Does 27 divide 3*-6*(-648)/16?
True
Let y = 251 + -123. Suppose -4*n = 5*a - 25 - y, 0 = n + 4*a - 41. Does 37 divide n?
True
Suppose 0 = -3*z + 5*j - j - 62, -4*z = -4*j + 80. Let i(v) = -v**2 - 24*v. Does 18 divide i(z)?
True
Let f = 7951 + -5151. Is 14 a factor of f?
True
Let n be ((-2)/(-6))/(2/(-6)). Let j be n + (-12)/(-3) - 1. Suppose -j*c + 0*c = -6. Is 2 a factor of c?
False
Let b be ((30/4)/(-1))/(2/(-28)). Let r = 0 + b. Is r a multiple of 12?
False
Is 7*1 - 13803/(-107) a multiple of 4?
True
Suppose 301 + 191 = 2*w - 4*x, 10 = -5*x. Is w a multiple of 16?
False
Let m be 38/2 + (-31 - -27). Let y(o) = -o**3 + 14*o**2 + 20*o - 15. Is y(m) a multiple of 12?
True
Suppose -351 = -2*f + 3*a - 4*a, 0 = 3*f - 2*a - 523. Let l = 292 - f. Suppose -3*p - 12 = 0, 2*p + 5 = -5*r + l. Is 10 a factor of r?
False
Let s(h) = h + 9. Let a be s(-5). Does 13 divide 77*(102/21 - a)?
False
Suppose -17 - 3 = -5*k. Is k a multiple of 4?
True
Suppose -58*w + 59*w = 307. Suppose 2*x = 4*b + 218, 3*x - 3*b - w = -b. Is 11 a factor of x?
True
Let h(a) = -a**2 - 7*a + 2. Let l be h(-6). Suppose 0 = 2*x - 0*x - l. Is (-2)/x + 752/32 a multiple of 3?
False
Suppose 2*q = -5*a + 11 - 5, -4*a + 2*q = 6. Suppose a = 17*y - 13*y - 992. Does 31 divide y?
True
Let n(i) = -i**2 + i. Let x(o) = -14*o - 2. Let z(t) = -n(t) - x(t). Is z(8) a multiple of 13?
False
Let h(f) = 37*f**2 + 24*f + 23. Does 89 divide h(5)?
True
Suppose 6*b + 102 = 9*b. Suppose 2*t - 1 + 16 = m, -3*m - 5*t + b = 0. Does 3 divide m?
False
Let t(h) = 55*h**3 + h**2 + 7*h - 28. Is t(4) a multiple of 13?
True
Let m be 5/(-25) + 3096/(-20). Let a = 137 - m. Is a a multiple of 30?
False
Let o(b) = 297*b**3 - b**2 - 10*b + 10. Is o(1) a multiple of 8?
True
Let h be 0 + 4/((-16)/12). Let x(w) be the second derivative of -w**5/5 - w**4/4 - w**3/2 - 3*w**2/2 + 2*w. Is 29 a factor of x(h)?
True
Does 6 divide -3 + (-4)/8*(-24432)/8?
True
Let g(l) = -2*l + 15. Let t(v) = v - 8. Let h(x) = 4*g(x) + 7*t(x). Let r be h(6). Is 13 a factor of 6/(-9*r/48)?
False
Let c(b) = -2*b**2 + 2*b - 7. Let i be c(5). Let r = i - -75. Is r a multiple of 18?
False
Let p(u) = -u - 20. Let x be p(-9). Let h = x + 47. Is 12 a factor of h?
True
Suppose 3*x + 229 = -5*m + 3, x - 42 = m. Let h = -10 - m. Let n = 75 - h. Does 21 divide n?
False
Let h(p) = -1020 + 15*p + 1020 + 138*p. Is 18 a factor of h(1)?
False
Let l(x) = 2 - 3 + 1 - 285*x - 1. Let o be l(-1). Does 20 divide o/7 + 4/(-7)?
True
Does 36 divide 8/4 + 1*(-5 + 75)?
True
Suppose -3 = v, -2*q - v + 157 = -2*v. Is q a multiple of 10?
False
Is 820/3 - (-2)/(-6) a multiple of 21?
True
Let j(y) = 3*y**2 - y - 13. Let x(u) = -u**2 + 4. Let k(c) = -6*j(c) - 17*x(c). Let s be k(7). Suppose -186 + 63 = -s*z. Is z a multiple of 12?
False
Let c be -13*((-1 - -1) + (-4 - -5)). Let z(i) = -i**3 - 11*i**2 + 18*i + 24. Does 16 divid